{"id":553,"date":"2019-03-02T12:56:42","date_gmt":"2019-03-02T11:56:42","guid":{"rendered":"http:\/\/www.baconcept.com\/?page_id=553"},"modified":"2019-03-02T18:55:01","modified_gmt":"2019-03-02T17:55:01","slug":"mentions-legales","status":"publish","type":"page","link":"https:\/\/www.baconcept.com\/index.php\/mentions-legales\/","title":{"rendered":"Mentions l\u00e9gales"},"content":{"rendered":"\t\t<div data-elementor-type=\"wp-post\" data-elementor-id=\"553\" class=\"elementor elementor-553 elementor-bc-flex-widget\">\n\t\t\t\t\t\t<section class=\"elementor-section elementor-top-section elementor-element elementor-element-417f1343 elementor-section-content-middle elementor-section-stretched elementor-section-boxed elementor-section-height-default elementor-section-height-default\" data-id=\"417f1343\" data-element_type=\"section\" data-settings=\"{&quot;stretch_section&quot;:&quot;section-stretched&quot;}\">\n\t\t\t\t\t\t<div class=\"elementor-container elementor-column-gap-no\">\n\t\t\t\t\t<div class=\"elementor-column elementor-col-100 elementor-top-column elementor-element elementor-element-637c7e34\" data-id=\"637c7e34\" data-element_type=\"column\">\n\t\t\t<div class=\"elementor-widget-wrap elementor-element-populated\">\n\t\t\t\t\t\t<div class=\"elementor-element elementor-element-3fd26924 elementor-widget elementor-widget-heading\" data-id=\"3fd26924\" data-element_type=\"widget\" data-widget_type=\"heading.default\">\n\t\t\t\t<div class=\"elementor-widget-container\">\n\t\t\t\t\t<h4 class=\"elementor-heading-title elementor-size-default\">Join over a million people<\/h4>\t\t\t\t<\/div>\n\t\t\t\t<\/div>\n\t\t\t\t<div class=\"elementor-element elementor-element-3a6eff9 elementor-widget elementor-widget-heading\" data-id=\"3a6eff9\" data-element_type=\"widget\" data-widget_type=\"heading.default\">\n\t\t\t\t<div class=\"elementor-widget-container\">\n\t\t\t\t\t<h2 class=\"elementor-heading-title elementor-size-default\">Mentions L\u00e9gales<\/h2>\t\t\t\t<\/div>\n\t\t\t\t<\/div>\n\t\t\t\t<div class=\"elementor-element elementor-element-237162c4 elementor-widget elementor-widget-text-editor\" data-id=\"237162c4\" data-element_type=\"widget\" data-widget_type=\"text-editor.default\">\n\t\t\t\t<div class=\"elementor-widget-container\">\n\t\t\t\t\t\t\t\t\t<div data-id=\"4579daf7\" data-element_type=\"heading.default\"><div><h1><span style=\"font-size: 16px;\">BA CONCEPT<\/span><\/h1><\/div><\/div><div data-id=\"43933bbb\" data-element_type=\"text-editor.default\"><div><div><p><span style=\"color: #ffffff;\">1251 Chemin des Gatilles \u2013 82410 Saint Etienne de Tulmont<\/span><br \/><span style=\"color: #ffffff;\">Port. :\u00a0<\/span><a title=\"Cliquez ici pour appeler Automobile de la L\u00e8ze\"><span style=\"color: #ffffff;\">06 63 90 52 74<\/span><br \/><\/a>Mail :\u00a0<a href=\"https:\/\/www.baconcept.com\/index.php\/contact-2\/\">contact (at) baconcept.com<\/a><\/p><p><span style=\"color: #ffffff;\">Soci\u00e9t\u00e9 enregistr\u00e9e sous le num\u00e9ro de Siret 45066527800013<\/span><\/p><p><span style=\"color: #ffffff;\"><strong>H\u00e9bergement et distribution :<\/strong><\/span><br \/><span style=\"color: #ffffff;\">OVH.COM<\/span><br \/><span style=\"color: #ffffff;\">2 rue Kellermann \u2013 59100 Roubaix \u2013 France<\/span><\/p><p><span style=\"color: #ffffff;\"><span style=\"font-weight: bold;\">Webmaster \u00e0 Toulouse :<\/span><\/span><br \/><strong><span style=\"color: #ffffff;\"><a href=\"https:\/\/webmasterautop.com\">www.webmasterautop.com<\/a><\/span><\/strong><\/p><p><span style=\"color: #ffffff;\">\u00a0<\/span><\/p><p><span style=\"color: #ffffff;\"><strong>CREDITS :<\/strong>\u00a0<\/span><br \/><span style=\"color: #ffffff;\">Pictogrammes\u00a0:\u00a0<\/span><br \/><span style=\"color: #ffffff;\">\u2013 Freepik.com<\/span><br \/><span style=\"color: #ffffff;\">Pixabay.com<\/span><br \/><span style=\"color: #ffffff;\">Photographies\u00a0:\u00a0<\/span><br \/><span style=\"color: #ffffff;\">\u2013 freephotos.cc<\/span><br \/><span style=\"color: #ffffff;\">\u2013 Pixabay.com<\/span><\/p><p><span style=\"color: #ffffff;\"><strong>Droits de reproduction :<\/strong><\/span><br \/><span style=\"color: #ffffff;\">Les informations pr\u00e9sent\u00e9es sur ce site sont publiques. La reproduction des pages de ce site est autoris\u00e9e \u00e0 la condition d\u2019y mentionner la source et de cr\u00e9er un lien sur la ou les pages de r\u00e9f\u00e9rence. Elles ne peuvent etre utilis\u00e9es \u00e0 des fins commerciales ou publicitaires. Lorsque des donn\u00e9es pr\u00e9sentes sur ce site ont un caractere nominatif, les utilisateurs doivent en faire un usage conforme aux r\u00e9glementations en vigueur et aux recommandations de la Commission Nationale de l\u2019Informatique et des Libert\u00e9s (CNIL)<\/span><\/p><\/div><\/div><\/div>\t\t\t\t\t\t\t\t<\/div>\n\t\t\t\t<\/div>\n\t\t\t\t\t<\/div>\n\t\t<\/div>\n\t\t\t\t\t<\/div>\n\t\t<\/section>\n\t\t\t\t<\/div>\n\t\t","protected":false},"excerpt":{"rendered":"<p>Join over a million people Mentions L\u00e9gales BA CONCEPT 1251 Chemin des Gatilles \u2013 82410 Saint Etienne de TulmontPort. :\u00a006 63 90 52 74Mail :\u00a0contact (at) baconcept.com Soci\u00e9t\u00e9 enregistr\u00e9e sous le num\u00e9ro de Siret 45066527800013 &#8230; <\/p>\n<p class=\"read-more-container\"><a title=\"Mentions l\u00e9gales\" class=\"read-more button\" href=\"https:\/\/www.baconcept.com\/index.php\/mentions-legales\/#more-553\" aria-label=\"En savoir plus sur Mentions l\u00e9gales\">Read More<\/a><\/p>\n","protected":false},"author":3,"featured_media":0,"parent":0,"menu_order":0,"comment_status":"closed","ping_status":"closed","template":"","meta":{"inline_featured_image":false,"footnotes":""},"class_list":{"0":"post-553","1":"page","2":"type-page","3":"status-publish","5":"no-featured-image-padding"},"_links":{"self":[{"href":"https:\/\/www.baconcept.com\/index.php\/wp-json\/wp\/v2\/pages\/553","targetHints":{"allow":["GET"]}}],"collection":[{"href":"https:\/\/www.baconcept.com\/index.php\/wp-json\/wp\/v2\/pages"}],"about":[{"href":"https:\/\/www.baconcept.com\/index.php\/wp-json\/wp\/v2\/types\/page"}],"author":[{"embeddable":true,"href":"https:\/\/www.baconcept.com\/index.php\/wp-json\/wp\/v2\/users\/3"}],"replies":[{"embeddable":true,"href":"https:\/\/www.baconcept.com\/index.php\/wp-json\/wp\/v2\/comments?post=553"}],"version-history":[{"count":3,"href":"https:\/\/www.baconcept.com\/index.php\/wp-json\/wp\/v2\/pages\/553\/revisions"}],"predecessor-version":[{"id":700,"href":"https:\/\/www.baconcept.com\/index.php\/wp-json\/wp\/v2\/pages\/553\/revisions\/700"}],"wp:attachment":[{"href":"https:\/\/www.baconcept.com\/index.php\/wp-json\/wp\/v2\/media?parent=553"}],"curies":[{"name":"wp","href":"https:\/\/api.w.org\/{rel}","templated":true}]}}